{"id":9,"date":"2022-03-08T10:43:07","date_gmt":"2022-03-08T10:43:07","guid":{"rendered":"https:\/\/bukszoc.hsro.hu\/?page_id=9"},"modified":"2022-08-04T13:37:58","modified_gmt":"2022-08-04T12:37:58","slug":"alma","status":"publish","type":"page","link":"https:\/\/bukszocialis.hu\/","title":{"rendered":"Kezd\u0151lap"},"content":{"rendered":"<div class=\"n2-section-smartslider fitvidsignore  n2_clear\" data-ssid=\"2\" tabindex=\"0\" role=\"region\" aria-label=\"Slider\"><div id=\"n2-ss-2-align\" class=\"n2-ss-align\" style=\"margin: 0 auto; max-width: 1200px;\"><div class=\"n2-padding\"><div id=\"n2-ss-2\" data-creator=\"Smart Slider 3\" data-responsive=\"auto\" class=\"n2-ss-slider n2-ow n2-has-hover n2notransition  \"><div class=\"n2-ss-slider-wrapper-outside\" style=\"grid-template-rows:1fr auto\">\n        <div class=\"n2-ss-slider-1 n2_ss__touch_element n2-ow\">\n            <div class=\"n2-ss-slider-2 n2-ow\">\n                                                <div class=\"n2-ss-slider-3 n2-ow\">\n\n                    <div class=\"n2-ss-slide-backgrounds n2-ow-all\"><div class=\"n2-ss-slide-background\" data-public-id=\"1\" data-mode=\"fill\"><div class=\"n2-ss-slide-background-image\" data-blur=\"0\" data-opacity=\"100\" data-x=\"50\" data-y=\"50\" data-alt=\"slide 1\" data-title=\"\"><picture class=\"skip-lazy\" data-skip-lazy=\"1\"><img decoding=\"async\" src=\"\/\/bukszocialis.hu\/wp-content\/uploads\/slider\/cache\/de0219e240e13880be94d27f059234a8\/5f6b5b68745582292.jpg\" alt=\"slide 1\" title=\"\" loading=\"lazy\" class=\"skip-lazy\" data-skip-lazy=\"1\"><\/picture><\/div><div data-color=\"RGBA(255,255,255,0)\" style=\"background-color: RGBA(255,255,255,0);\" class=\"n2-ss-slide-background-color\"><\/div><\/div><\/div>                    <div class=\"n2-ss-slider-4 n2-ow\">\n                        <svg xmlns=\"http:\/\/www.w3.org\/2000\/svg\" viewBox=\"0 0 1200 600\" data-related-device=\"desktopPortrait\" class=\"n2-ow n2-ss-preserve-size n2-ss-preserve-size--slider n2-ss-slide-limiter\"><\/svg><div data-first=\"1\" data-slide-duration=\"0\" data-id=\"3\" data-slide-public-id=\"1\" data-title=\"Image Slide 2\" class=\"n2-ss-slide n2-ow  n2-ss-slide-3\"><div role=\"note\" class=\"n2-ss-slide--focus\" tabindex=\"-1\">Image Slide 2<\/div><div class=\"n2-ss-layers-container n2-ss-slide-limiter n2-ow\"><div class=\"n2-ss-layer n2-ow n-uc-plkCyuadpUeK\" data-sstype=\"slide\" data-pm=\"default\"><div class=\"n2-ss-layer n2-ow n-uc-1beb93a18130d\" data-pm=\"default\" data-sstype=\"content\" data-hasbackground=\"1\"><div class=\"n2-ss-section-main-content n2-ss-layer-with-background n2-ss-layer-content n2-ow n-uc-1beb93a18130d-inner\"><div class=\"n2-ss-layer n2-ow n-uc-7iRhTVdzqvFH n2-ss-layer--auto\" data-pm=\"normal\" data-sstype=\"layer\"><div id=\"n2-ss-2item1\" class=\"n2-font-28bee13f3574d7032d767f09f9d8ee11-hover n2-style-f04cc1cbb7e5d123678bfad3a191fa78-heading   n2-ss-item-content n2-ss-text n2-ow\" style=\"display:inline-block;\">\u00dcdv\u00f6z\u00f6lj\u00fck a Dr. Horv\u00e1th Tibor Szoci\u00e1lis K\u00f6zpont honlapj\u00e1n!<\/div><\/div><\/div><\/div><\/div><\/div><\/div>                    <\/div>\n\n                                    <\/div>\n            <\/div>\n        <\/div>\n        <div class=\"n2-ss-slider-controls n2-ss-slider-controls-below\"><div class=\"n2-ss-widget nextend-shadow n2-ow-all\"><img loading=\"lazy\" decoding=\"async\" width=\"1120\" height=\"50\" style=\"display: block; width:100%;max-width:none;\" class=\"nextend-shadow-image skip-lazy\" loading=\"lazy\" data-skip-lazy=\"1\" src=\"https:\/\/bukszocialis.hu\/wp-content\/plugins\/smart-slider-3\/Public\/SmartSlider3\/Widget\/Shadow\/ShadowImage\/Assets\/shadow\/dark.png\" alt=\"Shadow\"><\/div><\/div><\/div><\/div><ss3-loader><\/ss3-loader><\/div><\/div><div class=\"n2_clear\"><\/div><\/div>\n\n\n<h3 class=\"wp-block-heading\">Bemutatkoz\u00e1s<\/h3>\n\n\n\n<div class=\"wp-block-group is-vertical is-layout-flex wp-container-core-group-is-layout-8cf370e7 wp-block-group-is-layout-flex\">\n<p class=\"text-justify has-text-color\" style=\"color:#000000cf\">Int\u00e9zm\u00e9ny\u00fcnk t\u00f6bb mint 50 \u00e9v tapasztalat\u00e1val, elhivatott szakembereivel, akad\u00e1lymentes\u00edtett k\u00f6rnyezetben v\u00e1rja azon id\u0151seket, akik eg\u00e9szs\u00e9gi \u00e1llapotuk miatt \u00f6nmaguk ell\u00e1t\u00e1s\u00e1ra k\u00e9ptelenek, vagy csak r\u00e9szben k\u00e9pesek, valamint akik nyugd\u00edjas \u00e9veiket biztons\u00e1gban, nyugalomban, \u00f6n\u00e1ll\u00f3s\u00e1gukat meg\u0151rizve k\u00edv\u00e1nj\u00e1k elt\u00f6lteni.<\/p>\n\n\n\n<p class=\"text-justify has-text-color\" style=\"color:#000000cf\">Munkat\u00e1rsaink szak\u00e9rtelm\u00e9nek, gondoskod\u00e1s\u00e1nak k\u00f6sz\u00f6nhet\u0151en Int\u00e9zm\u00e9ny\u00fcnkben biztons\u00e1gos otthonra, \u00e1llapotuknak megfelel\u0151en \u00e1lland\u00f3 fel\u00fcgyeletre tal\u00e1lnak. <\/p>\n\n\n\n<p class=\"text-justify has-text-color\" style=\"color:#000000cf\">A sz\u00ednvonalas gondoz\u00e1si \u00e9s eg\u00e9szs\u00e9g\u00fcgyi szolg\u00e1ltat\u00e1sokon t\u00fal, Int\u00e9zm\u00e9ny\u00fcnkben a mindennapok akt\u00edv meg\u00e9l\u00e9s\u00e9re, az eg\u00e9szs\u00e9g fenntart\u00e1s\u00e1ra, a lak\u00f3k k\u00f6z\u00f6ss\u00e9gi \u00e9letbe t\u00f6rt\u00e9n\u0151 bevon\u00e1s\u00e1ra \u00e9s a k\u00fclvil\u00e1g fel\u00e9 val\u00f3 nyitotts\u00e1gra nagy hangs\u00falyt fektet\u00fcnk. <\/p>\n\n\n\n<p class=\"text-justify has-text-color\" style=\"color:#000000cf\">Mindezt igyeksz\u00fcnk \u00e9letkoruknak, eg\u00e9szs\u00e9gi \u00e9s ment\u00e1lis \u00e1llapotuknak f\u00fcggv\u00e9ny\u00e9ben megval\u00f3s\u00edtani, egy csal\u00e1dias, biztons\u00e1gos, b\u00e9k\u00e9s, korszer\u0171 t\u00e1rgyi eszk\u00f6z\u00f6kkel rendelkez\u0151 k\u00f6rnyezetben.<\/p>\n\n\n\n<p><\/p>\n\n\n\n<figure class=\"wp-block-image size-large is-style-default\"><img fetchpriority=\"high\" decoding=\"async\" width=\"1024\" height=\"683\" src=\"https:\/\/bukszocialis.hu\/wp-content\/uploads\/2022\/07\/O_D3_8571_lower2-1024x683.jpg\" alt=\"Csoportk\u00e9p\" class=\"wp-image-499\" srcset=\"https:\/\/bukszocialis.hu\/wp-content\/uploads\/2022\/07\/O_D3_8571_lower2-1024x683.jpg 1024w, https:\/\/bukszocialis.hu\/wp-content\/uploads\/2022\/07\/O_D3_8571_lower2-300x200.jpg 300w, https:\/\/bukszocialis.hu\/wp-content\/uploads\/2022\/07\/O_D3_8571_lower2-768x512.jpg 768w, https:\/\/bukszocialis.hu\/wp-content\/uploads\/2022\/07\/O_D3_8571_lower2-1536x1024.jpg 1536w, https:\/\/bukszocialis.hu\/wp-content\/uploads\/2022\/07\/O_D3_8571_lower2-2048x1365.jpg 2048w\" sizes=\"(max-width: 1024px) 100vw, 1024px\" \/><\/figure>\n<\/div>\n\n\n\n<p class=\"has-text-align-center has-text-color\" style=\"color:#000000cf\">Dr. Horv\u00e1th Tibor Szoci\u00e1lis K\u00f6zpont dolgoz\u00f3i, k\u00e9sz\u00fclt: 2020.08.25.<\/p>\n","protected":false},"excerpt":{"rendered":"<p>Bemutatkoz\u00e1s Int\u00e9zm\u00e9ny\u00fcnk t\u00f6bb mint 50 \u00e9v tapasztalat\u00e1val, elhivatott szakembereivel, akad\u00e1lymentes\u00edtett k\u00f6rnyezetben v\u00e1rja azon id\u0151seket, akik eg\u00e9szs\u00e9gi \u00e1llapotuk miatt \u00f6nmaguk ell\u00e1t\u00e1s\u00e1ra k\u00e9ptelenek, vagy csak r\u00e9szben k\u00e9pesek, valamint akik nyugd\u00edjas \u00e9veiket biztons\u00e1gban,&#8230; <\/p>\n","protected":false},"author":1,"featured_media":0,"parent":0,"menu_order":0,"comment_status":"closed","ping_status":"closed","template":"","meta":{"ngg_post_thumbnail":0,"footnotes":""},"class_list":["post-9","page","type-page","status-publish","hentry"],"yoast_head":"<!-- This site is optimized with the Yoast SEO plugin v19.6.1 - https:\/\/yoast.com\/wordpress\/plugins\/seo\/ -->\n<title>Kezd\u0151lap - Dr. Horv\u00e1th Tibor Szoci\u00e1lis K\u00f6zpont<\/title>\n<meta name=\"robots\" content=\"index, follow, max-snippet:-1, max-image-preview:large, max-video-preview:-1\" \/>\n<link rel=\"canonical\" href=\"https:\/\/bukszocialis.hu\/\" \/>\n<meta property=\"og:locale\" content=\"hu_HU\" \/>\n<meta property=\"og:type\" content=\"article\" \/>\n<meta property=\"og:title\" content=\"Kezd\u0151lap - Dr. Horv\u00e1th Tibor Szoci\u00e1lis K\u00f6zpont\" \/>\n<meta property=\"og:description\" content=\"Bemutatkoz\u00e1s Int\u00e9zm\u00e9ny\u00fcnk t\u00f6bb mint 50 \u00e9v tapasztalat\u00e1val, elhivatott szakembereivel, akad\u00e1lymentes\u00edtett k\u00f6rnyezetben v\u00e1rja azon id\u0151seket, akik eg\u00e9szs\u00e9gi \u00e1llapotuk miatt \u00f6nmaguk ell\u00e1t\u00e1s\u00e1ra k\u00e9ptelenek, vagy csak r\u00e9szben k\u00e9pesek, valamint akik nyugd\u00edjas \u00e9veiket biztons\u00e1gban,...\" \/>\n<meta property=\"og:url\" content=\"https:\/\/bukszocialis.hu\/\" \/>\n<meta property=\"og:site_name\" content=\"Dr. Horv\u00e1th Tibor Szoci\u00e1lis K\u00f6zpont\" \/>\n<meta property=\"article:modified_time\" content=\"2022-08-04T12:37:58+00:00\" \/>\n<meta property=\"og:image\" content=\"https:\/\/bukszocialis.hu\/wp-content\/uploads\/2022\/07\/O_D3_8571_lower2-1024x683.jpg\" \/>\n<meta name=\"twitter:card\" content=\"summary_large_image\" \/>\n<meta name=\"twitter:label1\" content=\"Becs\u00fclt olvas\u00e1si id\u0151\" \/>\n\t<meta name=\"twitter:data1\" content=\"1 perc\" \/>\n<script type=\"application\/ld+json\" class=\"yoast-schema-graph\">{\"@context\":\"https:\/\/schema.org\",\"@graph\":[{\"@type\":\"WebPage\",\"@id\":\"https:\/\/bukszocialis.hu\/\",\"url\":\"https:\/\/bukszocialis.hu\/\",\"name\":\"Kezd\u0151lap - Dr. Horv\u00e1th Tibor Szoci\u00e1lis K\u00f6zpont\",\"isPartOf\":{\"@id\":\"https:\/\/bukszocialis.hu\/#website\"},\"datePublished\":\"2022-03-08T10:43:07+00:00\",\"dateModified\":\"2022-08-04T12:37:58+00:00\",\"breadcrumb\":{\"@id\":\"https:\/\/bukszocialis.hu\/#breadcrumb\"},\"inLanguage\":\"hu\",\"potentialAction\":[{\"@type\":\"ReadAction\",\"target\":[\"https:\/\/bukszocialis.hu\/\"]}]},{\"@type\":\"BreadcrumbList\",\"@id\":\"https:\/\/bukszocialis.hu\/#breadcrumb\",\"itemListElement\":[{\"@type\":\"ListItem\",\"position\":1,\"name\":\"Kezd\u0151lap\",\"item\":\"https:\/\/bukszocialis.hu\/\"},{\"@type\":\"ListItem\",\"position\":2,\"name\":\"Kezd\u0151lap\"}]},{\"@type\":\"WebSite\",\"@id\":\"https:\/\/bukszocialis.hu\/#website\",\"url\":\"https:\/\/bukszocialis.hu\/\",\"name\":\"Dr. Horv\u00e1th Tibor Szoci\u00e1lis K\u00f6zpont\",\"description\":\"\",\"publisher\":{\"@id\":\"https:\/\/bukszocialis.hu\/#organization\"},\"potentialAction\":[{\"@type\":\"SearchAction\",\"target\":{\"@type\":\"EntryPoint\",\"urlTemplate\":\"https:\/\/bukszocialis.hu\/?s={search_term_string}\"},\"query-input\":\"required name=search_term_string\"}],\"inLanguage\":\"hu\"},{\"@type\":\"Organization\",\"@id\":\"https:\/\/bukszocialis.hu\/#organization\",\"name\":\"Dr. Horv\u00e1th Tibor Szoci\u00e1lis K\u00f6zpont\",\"url\":\"https:\/\/bukszocialis.hu\/\",\"sameAs\":[],\"logo\":{\"@type\":\"ImageObject\",\"inLanguage\":\"hu\",\"@id\":\"https:\/\/bukszocialis.hu\/#\/schema\/logo\/image\/\",\"url\":\"https:\/\/bukszocialis.hu\/wp-content\/uploads\/2022\/06\/cropped-Horvath-Tibor-Szoc_kozp-Color01-kek-03_uj.png\",\"contentUrl\":\"https:\/\/bukszocialis.hu\/wp-content\/uploads\/2022\/06\/cropped-Horvath-Tibor-Szoc_kozp-Color01-kek-03_uj.png\",\"width\":1164,\"height\":436,\"caption\":\"Dr. Horv\u00e1th Tibor Szoci\u00e1lis K\u00f6zpont\"},\"image\":{\"@id\":\"https:\/\/bukszocialis.hu\/#\/schema\/logo\/image\/\"}}]}<\/script>\n<!-- \/ Yoast SEO plugin. -->","yoast_head_json":{"title":"Kezd\u0151lap - Dr. Horv\u00e1th Tibor Szoci\u00e1lis K\u00f6zpont","robots":{"index":"index","follow":"follow","max-snippet":"max-snippet:-1","max-image-preview":"max-image-preview:large","max-video-preview":"max-video-preview:-1"},"canonical":"https:\/\/bukszocialis.hu\/","og_locale":"hu_HU","og_type":"article","og_title":"Kezd\u0151lap - Dr. Horv\u00e1th Tibor Szoci\u00e1lis K\u00f6zpont","og_description":"Bemutatkoz\u00e1s Int\u00e9zm\u00e9ny\u00fcnk t\u00f6bb mint 50 \u00e9v tapasztalat\u00e1val, elhivatott szakembereivel, akad\u00e1lymentes\u00edtett k\u00f6rnyezetben v\u00e1rja azon id\u0151seket, akik eg\u00e9szs\u00e9gi \u00e1llapotuk miatt \u00f6nmaguk ell\u00e1t\u00e1s\u00e1ra k\u00e9ptelenek, vagy csak r\u00e9szben k\u00e9pesek, valamint akik nyugd\u00edjas \u00e9veiket biztons\u00e1gban,...","og_url":"https:\/\/bukszocialis.hu\/","og_site_name":"Dr. Horv\u00e1th Tibor Szoci\u00e1lis K\u00f6zpont","article_modified_time":"2022-08-04T12:37:58+00:00","og_image":[{"url":"https:\/\/bukszocialis.hu\/wp-content\/uploads\/2022\/07\/O_D3_8571_lower2-1024x683.jpg"}],"twitter_card":"summary_large_image","twitter_misc":{"Becs\u00fclt olvas\u00e1si id\u0151":"1 perc"},"schema":{"@context":"https:\/\/schema.org","@graph":[{"@type":"WebPage","@id":"https:\/\/bukszocialis.hu\/","url":"https:\/\/bukszocialis.hu\/","name":"Kezd\u0151lap - Dr. Horv\u00e1th Tibor Szoci\u00e1lis K\u00f6zpont","isPartOf":{"@id":"https:\/\/bukszocialis.hu\/#website"},"datePublished":"2022-03-08T10:43:07+00:00","dateModified":"2022-08-04T12:37:58+00:00","breadcrumb":{"@id":"https:\/\/bukszocialis.hu\/#breadcrumb"},"inLanguage":"hu","potentialAction":[{"@type":"ReadAction","target":["https:\/\/bukszocialis.hu\/"]}]},{"@type":"BreadcrumbList","@id":"https:\/\/bukszocialis.hu\/#breadcrumb","itemListElement":[{"@type":"ListItem","position":1,"name":"Kezd\u0151lap","item":"https:\/\/bukszocialis.hu\/"},{"@type":"ListItem","position":2,"name":"Kezd\u0151lap"}]},{"@type":"WebSite","@id":"https:\/\/bukszocialis.hu\/#website","url":"https:\/\/bukszocialis.hu\/","name":"Dr. Horv\u00e1th Tibor Szoci\u00e1lis K\u00f6zpont","description":"","publisher":{"@id":"https:\/\/bukszocialis.hu\/#organization"},"potentialAction":[{"@type":"SearchAction","target":{"@type":"EntryPoint","urlTemplate":"https:\/\/bukszocialis.hu\/?s={search_term_string}"},"query-input":"required name=search_term_string"}],"inLanguage":"hu"},{"@type":"Organization","@id":"https:\/\/bukszocialis.hu\/#organization","name":"Dr. Horv\u00e1th Tibor Szoci\u00e1lis K\u00f6zpont","url":"https:\/\/bukszocialis.hu\/","sameAs":[],"logo":{"@type":"ImageObject","inLanguage":"hu","@id":"https:\/\/bukszocialis.hu\/#\/schema\/logo\/image\/","url":"https:\/\/bukszocialis.hu\/wp-content\/uploads\/2022\/06\/cropped-Horvath-Tibor-Szoc_kozp-Color01-kek-03_uj.png","contentUrl":"https:\/\/bukszocialis.hu\/wp-content\/uploads\/2022\/06\/cropped-Horvath-Tibor-Szoc_kozp-Color01-kek-03_uj.png","width":1164,"height":436,"caption":"Dr. Horv\u00e1th Tibor Szoci\u00e1lis K\u00f6zpont"},"image":{"@id":"https:\/\/bukszocialis.hu\/#\/schema\/logo\/image\/"}}]}},"_links":{"self":[{"href":"https:\/\/bukszocialis.hu\/index.php?rest_route=\/wp\/v2\/pages\/9","targetHints":{"allow":["GET"]}}],"collection":[{"href":"https:\/\/bukszocialis.hu\/index.php?rest_route=\/wp\/v2\/pages"}],"about":[{"href":"https:\/\/bukszocialis.hu\/index.php?rest_route=\/wp\/v2\/types\/page"}],"author":[{"embeddable":true,"href":"https:\/\/bukszocialis.hu\/index.php?rest_route=\/wp\/v2\/users\/1"}],"replies":[{"embeddable":true,"href":"https:\/\/bukszocialis.hu\/index.php?rest_route=%2Fwp%2Fv2%2Fcomments&post=9"}],"version-history":[{"count":25,"href":"https:\/\/bukszocialis.hu\/index.php?rest_route=\/wp\/v2\/pages\/9\/revisions"}],"predecessor-version":[{"id":797,"href":"https:\/\/bukszocialis.hu\/index.php?rest_route=\/wp\/v2\/pages\/9\/revisions\/797"}],"wp:attachment":[{"href":"https:\/\/bukszocialis.hu\/index.php?rest_route=%2Fwp%2Fv2%2Fmedia&parent=9"}],"curies":[{"name":"wp","href":"https:\/\/api.w.org\/{rel}","templated":true}]}}